et z = 12 + 8. Let g = z + -17. Determine r(g).
6
Let a = 176 + -178. Let h(t) = -t**3 - 2*t**2 - t - 2. What is h(a)?
0
Let d(h) = -h**3 + 7*h**2 + 2*h + 9. Let a be d(7). Let q(k) = -23 + k + a. Let p = 1 + -3. What is q(p)?
-2
Let w(a) = -2*a**2 - 20*a + 1. Suppose 7*z - 6*z = -j - 6, 5*j + z + 46 = 0. Give w(j).
1
Let x(a) = -24*a - 5. Let q(p) = 13*p + 3. Let c(v) = 11*q(v) + 6*x(v). Suppose -3*g + 5*g = 16. Give c(g).
-5
Let a(d) = -2*d**2 + d + 2. Let v be (-18)/24 + 147/(-12). Let n(u) = -2*u - 24. Let j be n(v). Determine a(j).
-4
Let s(j) = j - 2. Let k(x) = -2*x + 1. Let u(y) = 6*k(y) + 6*s(y). Determine u(-9).
48
Let y(l) = 2*l**2 + 15*l + 3. Suppose 252 = -62*v - 244. Calculate y(v).
11
Let s(w) be the first derivative of -w**3 + w**2/2 + 2*w - 9. Let i = 98 - 96. Determine s(i).
-8
Let f = 15 - 11. Let r(m) be the second derivative of m**3/6 - 5*m**2/2 + 5*m. Give r(f).
-1
Suppose 13 - 5 = -2*r. Let k(n) = n**2 + 5*n - 3. Calculate k(r).
-7
Let p(i) = 2*i**3 - 2*i + 7. Let g(u) = -u**3 - u**2 + 1. Let y(k) = g(k) + p(k). Calculate y(0).
8
Let i(g) be the second derivative of -7*g + 1/2*g**3 + 11/2*g**2 + 4. Give i(-6).
-7
Let x(v) = 2*v - 4. Let m(f) = f. Let r(p) = -3*m(p) + x(p). Let c be 1/10*-5*8. Give r(c).
0
Suppose -5*t - 150 = 20*t. Let d(g) = -g**3 - 5*g**2 + 6*g - 5. Determine d(t).
-5
Let a(o) = o**3 - 6*o**2 + 0*o - 5*o + 2*o**2. Let y(q) = 4*q + 30. Let g be y(-6). Suppose -5*p - g*p = -55. Give a(p).
0
Let m(a) = 2*a**2 - 5*a - 1. Suppose 8*w - 20 = 7*w + 4*l, 0 = -5*w - 4*l + 4. What is m(w)?
11
Let u(l) = -97*l - 1 + 20*l**2 + 29*l + 66*l - 3 + 6. Give u(1).
20
Let s(r) = -29*r + 13*r + 9*r - 4 + 6. What is s(-2)?
16
Let g(o) = 5*o**2 - 2*o + 1. Suppose 0 = 4*r + 14 - 62. Let y be -1*13/(3/(-3)). Let z = y - r. What is g(z)?
4
Suppose 4 = 3*p + 5*s, -2*p + 0*p + 4*s = -10. Let b(o) = -3*o + 13. Let q(n) = -n + 6. Let c(t) = p*b(t) - 7*q(t). Determine c(3).
-9
Suppose -2*t - w - 4 = 0, 4 = -119*w + 121*w. Let h(l) = -l**2 + l. Give h(t).
-12
Let p(m) = m + 5. Suppose 0 = 18*n - 229 - 5. Determine p(n).
18
Let m(r) be the second derivative of -r**4/6 + 4*r**3/3 + 9*r**2/2 - 135*r + 2. Determine m(7).
-33
Let f(h) = -2*h**2 + 2. Let v(t) = t + 6. Let g be v(0). Suppose -g = 3*n - 5*n. Suppose 4*u + n*d = 17, 7*u + 3*d - 19 = 2*u. What is f(u)?
-6
Let h(d) be the third derivative of d**5/60 - d**3/6 + d**2 - 220*d. Calculate h(4).
15
Let x(o) = -o**2 - o + 17. Suppose 2*g + 2*g = -0*g. What is x(g)?
17
Let k(o) be the second derivative of o**3/6 - 5*o**2 - 233*o. Determine k(13).
3
Let s(d) = d**3 + 4*d**2 - 9*d + 13. Let h(w) = w**3 + w**2 - 5*w - 3. Let f be h(-3). Let u be s(f). Let a(i) = -i**2 - 4*i + 6. What is a(u)?
1
Let g(s) = s**3 - 6*s**2 + 6*s + 3. Let v be 2006/295 - (-8)/(-10). Determine g(v).
39
Let y = 903 - 898. Let q(a) = a**3 - 3*a**2 - 6*a - 7. Give q(y).
13
Let x(o) = -17*o - 6. Let j(v) = -41 + 0*v - 2*v + 46 + 17*v. Let d(t) = -4*j(t) - 3*x(t). Determine d(-1).
7
Let v(y) = -y - 1. Suppose 4*i - 4*p = -16, -8*p + 3*p + 15 = 0. Let f(u) = 2*u - 5. Let z(a) = i*v(a) - f(a). What is z(6)?
0
Let z(w) be the third derivative of w**6/720 - w**5/20 + 5*w**4/8 + 2*w**2. Let d(i) be the second derivative of z(i). Calculate d(7).
1
Suppose 2*l - 4*u = -0*l + 40, u + 3 = 0. Suppose -j = -2*s + 2*j + l, 0 = -2*j + 8. Let g(z) = -2 + 3 - 2*z + s*z**3 + z**2 + 0. Calculate g(1).
13
Let c(f) be the first derivative of -f**4/4 - f**3 - 3*f**2/2 + 2*f + 639. What is c(-2)?
4
Suppose -35 = -5*p + 5. Let a(i) = p*i + 0*i**3 + 2*i**2 - 2*i - 8*i**2 + i**3 - 7. Suppose -3*o = -2*o + 2*x - 1, -3*o - 2*x + 11 = 0. Give a(o).
-2
Let a(f) = 9*f - 17. Let i(r) = 4*r - 8. Let p be (-2)/(-6) - (-8)/(144/102). Let q(m) = p*a(m) - 13*i(m). Calculate q(-6).
-10
Suppose -3*h = 12, 3*t + 5*h = 9 + 13. Let j = 21 - t. Let q(r) = r**2 - 7*r - 5. Give q(j).
-5
Let t be (-1)/(-7)*(-3 + 3). Let b(p) be the third derivative of 1/24*p**4 - 6*p**2 - 1/3*p**3 + 0 + t*p. Calculate b(4).
2
Suppose 0 = 77*t - 9*t - 340. Let y(j) = j**3 - 3*j**2 + 2*j - 9. Determine y(t).
51
Let s(p) = 14*p**3 + 21*p**2 - 16*p + 43. Let r(i) = 5*i**3 + 7*i**2 - 5*i + 15. Let c(l) = 11*r(l) - 4*s(l). Give c(-8).
-15
Let z(m) be the first derivative of m**6/360 - m**5/60 + m**4/6 + 14*m**3/3 + 1. Let y(s) be the third derivative of z(s). Determine y(3).
7
Let y(c) be the second derivative of 0 + 3*c**2 + 28*c - 1/2*c**4 - 1/20*c**5 - 1/2*c**3. Let s(p) = p**2 + p - 5. Let l be s(0). Determine y(l).
-4
Let k(y) = y**3 - 4*y**2 + 2. Let h be k(4). Let a(z) = 0*z**2 + 5*z - 1 + z**h + 1 + 2. Let s = -26 - -20. Determine a(s).
8
Let j(f) = -19*f - 74. Let a be j(-4). Let h = -2 - -5. Let l(c) = -5 + 4 + h*c - 2 + c**3 - 2*c**2. Determine l(a).
3
Let i(f) be the third derivative of -f**5/60 - 5*f**4/24 - 2*f**3/3 + 3*f**2 - 4*f. Suppose v - 25 = 6*v. Calculate i(v).
-4
Let r(v) = -2*v**2 - 9*v - 5. Let o = -210 - -131. Let w = o + 73. Give r(w).
-23
Let q(h) be the second derivative of -1/2*h**2 + 1/3*h**4 + 1/6*h**3 + 7*h - 1/20*h**5 + 0. Give q(2).
9
Let h(a) = a**3 - 4*a**2 - 2*a - 7. Suppose 10*g = 5*g + 3*y + 22, g - 3 = 2*y. Calculate h(g).
8
Let y(l) = 8*l**3 - l. Let s = 61 + -57. Suppose -s*z + 12*z = -8. Calculate y(z).
-7
Let a = 4 + -4. Suppose -q + a*q - 1 = 0. Let h(j) = 8*j**2 + 1012*j - 1010*j - 2 + 3. Give h(q).
7
Let j(a) be the second derivative of -a**5/10 + 7*a**4/12 - 5*a**2 + 5*a - 10. What is j(3)?
-1
Let a(r) = r**3 + 7*r**2 + 9*r + 12. Let d be 2/((-64)/12 - -5). Let v be a(d). Let z(w) = -w**2 - 6*w - 2. What is z(v)?
-2
Let i be -1*((-88)/24)/((-1)/(-3)). Let k(y) = y**3 - 12*y**2 + 10*y + 14. Give k(i).
3
Let x be 54/(0 + 2/2). Let a be (x/24)/((-6)/16). Let z be (-4 - -1)/(a/10). Let y(r) = -r**3 + 5*r**2 + r - 4. Calculate y(z).
1
Let a(k) = 70*k + 3. Let u(h) = 24*h + 1. Let b(i) = -6*a(i) + 17*u(i). Suppose -2*t - 5 + 3 = -2*p, 4*p = 5*t + 4. Calculate b(p).
-13
Suppose -36 = -4*q - 2*n, 5*n - 27 = -3*q - 0*n. Let z(k) = k - 10. Let i be z(q). Let s be (3 + -4)*i*-1. Let w(b) = 5*b + 1. Determine w(s).
-4
Let f(j) = 22 + 2*j**3 - 4*j**2 + 2*j + 18 + 16 - 70 + 18. What is f(3)?
28
Let l(n) = n**2 + 3*n - 1. Let m = -14 + 23. Suppose -1 + m = 4*v. Give l(v).
9
Let n(s) = -s**3 + 13*s**2 - 4*s - 4. Let g be n(11). Let r(z) = -193*z**3 - 6 + g*z**3 - 6*z**2 + z**2 + 2*z. Give r(4).
-14
Let j(p) = 4 - 112*p + 37*p + 39*p + 40*p. Determine j(3).
16
Let t(z) = 2*z**3 + 4*z**2 + 4*z + 2. Suppose -j = 2*j - 4*v + 2, j = 4*v + 2. Determine t(j).
-6
Let l(u) be the first derivative of u**5/24 + 5*u**4/24 + u**3/3 - 14. Let a(s) be the third derivative of l(s). Give a(-5).
-20
Let n be -7 - 2 - 24/(-2). Let z(r) = r - 15. Determine z(n).
-12
Let y(b) = -b**2 - 7*b + 3. Suppose 22 - 8 = -2*i. Let d be y(i). Let a(v) = -3*v**2 + d*v + 2 + 0*v + 3 + 4*v**2. Determine a(-4).
9
Suppose 6 = -2*g + 5*g, 3*j = 4*g - 53. Let a(b) = b**2 + 17*b + 24. Give a(j).
-6
Let j(a) = 3 + 0 + 2*a - 4 + 0*a + 0*a. Give j(2).
3
Let i(s) = -s + 4. Suppose 2*w - 18 = -0*w. What is i(w)?
-5
Let q(d) = -15*d - 23*d + 46*d + 2 + d**2. What is q(-9)?
11
Suppose -65*g + 260 = -0*g. Let b(p) = -p**3 + 2*p**2 + 2*p + 8. Determine b(g).
-16
Let a(n) = n**2 - 18*n + 59. Let d be a(5). Let z(r) = r**2 + 6*r + 7. Give z(d).
7
Let h = 4 + -2. Let l(s) = -9*s**3 + 8*s**3 + 0 - 5*s**2 + 12*s**h + 1. Let a be l(7). Let n(p) = 4*p**2 + 1. What is n(a)?
5
Suppose -2*n - 19 = 3*t, -3*t = -n - 4*n + 5. Let b be n/6 + (-440)/(-24). Let f be 3/b - 51/(-18). Let w(c) = c**3 - 4*c**2 + 3*c - 2. Calculate w(f).
-2
Let o(w) = -5*w**2 - w - 6. Let b be 2/(-6) - 32/(-6). Suppose 0 = 7*n - b*n - 8. Let x(q) = -11*q**2 - 2*q - 12. Let z(u) = n*x(u) - 9*o(u). What is z(0)?
6
Let i(m) = -m**2 + 4*m. Suppose 9 = 3*y + 3. Let z(a) = -2*a + 8. Let f be z(y). What is i(f)?
0
Let q(g) be the second derivative of 28*g + 0 - 1/2*g**2 + 1/6*g**3 + 1/4*g**4 - 1/20*g**5. Determine q(4).
-13
Let y(t) = -19*t - 204. Let d be y(-11). Let x(f) = -f**3 + 4*f**2 + 2*f - 3. Determine x(d).
-18
Let v(k) = 2 + 2 - k - 3 + 6. Suppose -3*z = -6*z + 15. Give v(z).
2
Let t(v) = -v**2 - 7*v + 5. Let l be 0 + 231/(-6)*12/6. Let x = l + 69. What is t(x)?
-3
Let z(k) = 9 - 7 + 2 - 6 + 11*k + k + k**3 + 13*k**2. Calcula